digit of 206106757?
6
What is the units digit of 218122504?
4
What is the hundreds digit of 199946717?
7
What is the hundred thousands digit of 12169483?
1
What is the ten thousands digit of 1199737687?
3
What is the ten thousands digit of 107571072?
7
What is the hundred millions digit of 314314375?
3
What is the hundred millions digit of 437022868?
4
What is the units digit of 369568055?
5
What is the hundred millions digit of 203736667?
2
What is the ten millions digit of 814205213?
1
What is the hundred thousands digit of 67939287?
9
What is the hundred millions digit of 207831868?
2
What is the hundred thousands digit of 65520405?
5
What is the hundreds digit of 52837652?
6
What is the ten thousands digit of 5279858066?
5
What is the hundreds digit of 971315002?
0
What is the thousands digit of 286627508?
7
What is the ten thousands digit of 6164385?
6
What is the millions digit of 92769441?
2
What is the units digit of 4475160977?
7
What is the units digit of 1004404426?
6
What is the units digit of 183740469?
9
What is the hundred thousands digit of 588793?
5
What is the hundred thousands digit of 29741050?
7
What is the tens digit of 2320504704?
0
What is the millions digit of 1651196275?
1
What is the hundred millions digit of 1251522598?
2
What is the hundred thousands digit of 894938858?
9
What is the hundred thousands digit of 16520450?
5
What is the thousands digit of 19693389?
3
What is the ten millions digit of 1183284397?
8
What is the hundreds digit of 89889627?
6
What is the ten thousands digit of 90079610?
7
What is the units digit of 2794014101?
1
What is the millions digit of 1907802021?
7
What is the tens digit of 2821494624?
2
What is the thousands digit of 1367139222?
9
What is the hundred thousands digit of 98372777?
3
What is the hundreds digit of 3116961?
9
What is the hundred millions digit of 1110633496?
1
What is the hundred thousands digit of 376835641?
8
What is the millions digit of 49551852?
9
What is the thousands digit of 13148713?
8
What is the millions digit of 12222902?
2
What is the ten millions digit of 732070268?
3
What is the millions digit of 49162276?
9
What is the ten thousands digit of 1135462415?
6
What is the tens digit of 240363147?
4
What is the hundred thousands digit of 62817412?
8
What is the tens digit of 3606739492?
9
What is the hundred millions digit of 4519155485?
5
What is the hundred thousands digit of 218558195?
5
What is the millions digit of 316419748?
6
What is the ten millions digit of 429879789?
2
What is the tens digit of 44756322?
2
What is the hundreds digit of 120777095?
0
What is the hundreds digit of 79165830?
8
What is the hundred millions digit of 367039636?
3
What is the thousands digit of 533446651?
6
What is the ten thousands digit of 44942751?
4
What is the ten thousands digit of 47700966?
0
What is the millions digit of 47925603?
7
What is the hundreds digit of 130267524?
5
What is the thousands digit of 25252362?
2
What is the units digit of 68410688?
8
What is the thousands digit of 340811475?
1
What is the units digit of 350026866?
6
What is the hundred thousands digit of 33694401?
6
What is the hundred millions digit of 135463682?
1
What is the hundred thousands digit of 1360598833?
5
What is the billions digit of 6968753620?
6
What is the hundreds digit of 753516431?
4
What is the tens digit of 73261679?
7
What is the millions digit of 1188830227?
8
What is the hundreds digit of 215555325?
3
What is the ten millions digit of 17470127?
1
What is the ten millions digit of 69825472?
6
What is the hundred thousands digit of 2275688933?
6
What is the hundred thousands digit of 59691837?
6
What is the millions digit of 478274041?
8
What is the tens digit of 59334711?
1
What is the units digit of 46624770?
0
What is the tens digit of 2453268312?
1
What is the millions digit of 56492283?
6
What is the hundred millions digit of 5417364193?
4
What is the millions digit of 59180115?
9
What is the hundreds digit of 28498885?
8
What is the ten thousands digit of 360323040?
2
What is the ten millions digit of 42369944?
4
What is the ten thousands digit of 19498564?
9
What is the ten thousands digit of 79786797?
8
What is the millions digit of 28457225?
8
What is the ten millions digit of 165567963?
6
What is the billions digit of 1724215515?
1
What is the hundred thousands digit of 209364419?
3
What is the hundred thousands digit of 1300915542?
9
What is the units digit of 48983558?
8
What is the ten thousands digit of 139234839?
3
What is the thousands digit of 122513827?
3
What is the hundred thousands digit of 102235763?
2
What is the ten thousands digit of 47796887?
9
What is the millions digit of 196180678?
6
What is the hundreds digit of 322933699?
6
What is the hundreds digit of 2110884082?
0
What is the tens digit of 24190993?
9
What is the tens digit of 317796696?
9
What is the hundreds digit of 1318430628?
6
What is the thousands digit of 68409857?
9
What is the ten thousands digit of 2595717523?
1
What is the ten millions digit of 330587833?
3
What is the tens digit of 46686616?
1
What is the units digit of 58681193?
3
What is the hundreds digit of 69189171?
1
What is the tens digit of 76259043?
4
What is the ten thousands digit of 209657766?
5
What is the ten thousands digit of 2525684072?
8
What is the units digit of 635215052?
2
What is the hundred millions digit of 589300102?
5
What is the ten thousands digit of 190293204?
9
What is the thousands digit of 65146343?
6
What is the thousands digit of 640078381?
8
What is the tens digit of 84731463?
6
What is the units digit of 154269497?
7
What is the hundreds digit of 2323624903?
9
What is the ten millions digit of 73475713?
7
What is the tens digit of 435933109?
0
What is the ten thousands digit of 61663004?
6
What is the ten thousands digit of 269007319?
0
What is the hundred thousands digit of 249914184?
9
What is the hundred thousands digit of 1837853777?
8
What is the millions digit of 46089614?
6
What is the units digit of 306521653?
3
What is the millions digit of 45493845?
5
What is the ten millions digit of 74404606?
7
What is the hundred thousands digit of 98818415?
8
What is the units digit of 90480155?
5
What is the millions digit of 19165583?
9
What is the units digit of 135705495?
5
What is the units digit of 1324545066?
6
What is the ten thousands digit of 855604394?
0
What is the ten millions digit of 100792139?
0
What is the hundreds digit of 67976865?
8
What is the ten millions digit of 212648333?
1
What is the hundred thousands digit of 890009760?
0
What is the tens digit of 329019818?
1
What is the tens digit of 145808773?
7
What is the hundred thousands digit of 366181983?
1
What is the ten millions digit of 378708969?
7
What is the hundreds digit of 24632410?
4
What is the hundreds digit of 282816985?
9
What is the hundreds digit of 4195444116?
1
What is the hundred millions digit of 1648069938?
6
What is the ten millions digit of 1534036870?
3
What is the tens digit of 967495799?
9
What is the tens digit of 481112059?
5
What is the hundred millions digit of 1398235360?
3
What is the hundred thousands digit of 52961921?
9
What is the thousands digit of 452869025?
9
What is the ten millions digit of 170077045?
7
What is the ten thousands digit of 83647210?
4
What is the hundred thousands digit of 581919543?
9
What is the thousands digit of 66125113?
5
What is the ten thousands digit of 6942485157?
8
What is the millions digit of 1652839877?
2
What is the hundred thousands digit of 644215731?
2
What is the hundred thousands digit of 43200725?
2
What is the thousands digit of 870455301?
5
What is the ten millions digit of 62840396?
6
What is the hundreds digit of 56760921?
9
What is the thousands digit of 130688864?
8
What is the ten millions digit of 648034023?
4
What is the hundred thousands digit of 82495244?
4
What is the millions digit of 82821362?
2
What is the ten thousands digit of 1574809515?
0
What is the ten thousands digit of 38520091?
2
What is the ten thousands digit of 386718926?
1
What is the thousands digit of 1417746402?
6
What is the millions digit of 2656110099?
6
What is the hundreds digit of 182488942?
9
What is the ten millions digit of 89638987?
8
What is the thou